n = 2*j - 5 - 5, 2*j = k*n + 2. What is the units digit of j?
4
Suppose -8 = -h - 3*w, w - 4 = -h - 0. Suppose -h*j - v + 85 = 0, -175 = -4*j - v - 10. What is the tens digit of j?
4
Let m = 14 + -10. Suppose -47 = -3*u + 2*l, -m*u + 0*l - l = -70. Let x = u + -3. What is the units digit of x?
4
Suppose 3*g = 4*a - 17, -a - 1 = -g - 6. What is the tens digit of (-1 - 37)*(-1)/a?
1
Suppose -5*g + 46 = -3*g. What is the tens digit of g?
2
Let w(s) = -s - 5. Let r(f) = 3*f + 15. Let c(k) = -6*r(k) - 17*w(k). What is the units digit of c(-7)?
2
Suppose z + 3*z = 12. What is the units digit of 38/4 - z/6?
9
Suppose -a + 1 = 0, -3*a + 0*a = 5*u - 13. Let m = u + 0. Suppose -4*w + m*w = -4. What is the units digit of w?
2
Let j = 121 - 173. Let x = -36 - j. What is the tens digit of x?
1
Let z = -377 + 667. What is the tens digit of z?
9
Let t(x) be the third derivative of x**6/120 + 7*x**5/30 - x**4/24 + 17*x**3/6 - 5*x**2. What is the units digit of t(-14)?
1
Let d = -307 + 622. What is the units digit of d?
5
Let a(i) = 6*i**2 - 14*i - 51. What is the tens digit of a(-6)?
4
Suppose 0 = 5*v - 15, 5*x + 2*v = -v + 49. Suppose 0 = -o + 3*h + 9, 5*o - 3*h = h + 1. Let u = o + x. What is the units digit of u?
5
Suppose 0 = -3*b - 3*a + 111, 4*b - 109 = a + 24. What is the tens digit of b?
3
Let j(o) = -11*o**3 - 3*o**2 - 5*o. What is the tens digit of j(-2)?
8
Let y(p) be the first derivative of p**2 - 7*p + 1. Let j be y(5). Suppose -j*u + 9 = -0*u. What is the units digit of u?
3
Let o(p) = -p - 1. Let q(u) = 6*u + 1. Let l(i) = 4*o(i) + q(i). Let s be 5 + 5/(15/(-6)). What is the units digit of l(s)?
3
Let h = -106 - -227. Suppose -2*o - 115 = -2*v + o, 2*v = -3*o + h. What is the units digit of v?
9
Let b be 7 - -1 - 1 - -2. Let t(f) = f - 3. What is the units digit of t(b)?
6
Let j be (-18)/(-15) - 5/25. Let x(c) = 0*c + 0*c - c**2 + 1 + 15*c**3. What is the tens digit of x(j)?
1
Let y be (24 - 0)*14/6. Suppose -2 = -2*t + y. Let q = -12 + t. What is the tens digit of q?
1
Let d = 2 - 0. Let g(t) = t**2 - t + 4. Let z be g(4). Suppose 4*j - 5 = 5*f - j, -z = -d*f - 4*j. What is the units digit of f?
2
Let j(a) = -a + 19. Let z be j(9). Let u = z + -6. What is the units digit of u?
4
Let d = -240 + 371. What is the hundreds digit of d?
1
Suppose 0 = 8*d - 130 - 718. What is the units digit of d?
6
Suppose 99 = 2*q + q. What is the tens digit of q?
3
Let w = 60 + -33. Suppose 0 = -5*j + 3*q + 33, w = -j + 5*j - 3*q. What is the units digit of (9/(-2))/((-3)/j)?
9
Let u(h) = -h + 2 - 2 + 1 + 3*h**2. What is the tens digit of u(2)?
1
Let w = -8 + 14. Let r(b) = -b**2 + 9*b + 8. What is the tens digit of r(w)?
2
Suppose 0 = -u + 5*x + 78, 358 = 4*u + 2*x + x. Suppose -3*p - u = -7*p. What is the tens digit of p?
2
Let a be 6 - 1*0/1. Let y be ((-1)/2)/(1/a). What is the units digit of (1*y)/(2/(-6))?
9
Suppose 5*i - 5*v = -10, -i + 3*i = -4*v + 8. Let m(p) = i + 5*p + p**2 + 1 + 3. What is the units digit of m(-5)?
4
Let z = 10 - 6. Suppose -z = 5*m - 9. What is the units digit of m?
1
Suppose 4*r - 118 = -2*d, -3*r - 4*d + 2*d = -90. What is the units digit of r?
8
Suppose 4*q = -q. Suppose 4*x = -q + 28. What is the units digit of x?
7
Let s be (2 - -1) + (1 - 0). Suppose 5*w - 30 = -5*z, 4*z - w - 2*w - 10 = 0. Suppose 0 = 5*q - z*k - 46, -s*q = -0*k + 4*k - 8. What is the units digit of q?
6
Suppose -3*h + h = 40. Let k = h + 28. Suppose -5*j + 7 = -o, -4*o = -k*j + 3*j - 2. What is the units digit of j?
2
Let g = -10 - -10. Let j be (1 + 0 - 2)*g. Let s = 3 + j. What is the units digit of s?
3
Suppose d = 7 + 6. What is the units digit of d?
3
Let s = 18 - 27. Let j(f) = -f + 3. Let r be j(-3). What is the units digit of r/s*(1 - 4)?
2
Let d = 12 + -10. Let g be 3/6 - 1/d. Suppose g = -3*b + 14 + 1. What is the units digit of b?
5
Let d = 38 - 28. What is the tens digit of d?
1
Let y(o) = 3*o - 6. Let k = -2 + -1. Let d = k + 7. What is the units digit of y(d)?
6
Let p be (-21)/(-3) - (2 - 1). Let z be (-1)/(-1*2/p). Suppose z*u + 11 - 35 = 0. What is the units digit of u?
8
Let d(j) = 8*j - 2. Let u be d(-1). Let h(l) = -l + 2. What is the units digit of h(u)?
2
Let t be 2/(-1) + 2 + -3. Let r(i) = i**3 + 9*i**2 + 13*i + 5. Let c(h) = -h - 1. Let m(g) = t*c(g) - r(g). What is the units digit of m(-8)?
4
Suppose 4*u + 0*u - 12 = 0, 4*r + 3*u - 9 = 0. Let a(n) = -n - 10. Let c(g) = -1. Let j(x) = -a(x) - 4*c(x). What is the units digit of j(r)?
4
Let v(k) = 5*k - 2. Let h(j) = j**2 + 9*j + 9. Let i be h(-8). Suppose i = -4*s + 9. What is the units digit of v(s)?
8
Suppose 0 = -4*f + 154 + 70. What is the tens digit of f?
5
Let i be 1 + -1 + 4 + -3. Let y be (2/3)/(10/45). Let r = y + i. What is the units digit of r?
4
Suppose 0 = -3*o - 3*v + 133 + 296, 3*v = 9. Suppose -o = -9*h + 5*h. What is the units digit of h?
5
Let d = -4 + 6. Suppose 2*p = -d*p - 3*g + 2, -20 = -5*p + 5*g. Suppose 2*m - 2*l = 26, -3*l = -p*m + 4*m - 6. What is the units digit of m?
9
Let a = 426 - 231. What is the units digit of a?
5
Let u be (-8)/4 - (2 + 5). Let y(i) = i**3 + 8*i**2 - 9*i. Let q be y(u). What is the units digit of 2 - (0 + 0 + q)?
2
Suppose 0 = -0*v + 5*v - 5, -13 = -2*d - 5*v. What is the units digit of (-150)/(-8) + 1/d?
9
Let m be 2 + (-5 - -2) + -10. Let d = m - -14. What is the units digit of d?
3
What is the units digit of (-2372)/(-14) + (-68)/(-119)?
0
Let l(t) = -t**3 - t**2 + 4*t + 4. Let c be l(-2). Suppose -y = o - c*y - 2, -34 = -5*o + 3*y. What is the units digit of o?
5
Let j = 12 - 7. Suppose -4*h + 1 = j. What is the tens digit of (h - 9)/(-5 - -4)?
1
Let w = 1 + 1. Let k = w + -1. What is the units digit of k/(2*(-1)/(-14))?
7
Let y(q) = q**2 - 10*q - 6. Let w be y(8). Let z be (0 + w)/(-2 - 0). Let m = -2 + z. What is the units digit of m?
9
Let d = 223 - 134. What is the tens digit of d?
8
Let c = -5 - -1. Let p be 1/(-4) - 1/c. What is the units digit of p + -1*(-5 + -1)?
6
What is the units digit of 124 + 1 + (7 - 4)?
8
Let g be 0 - 0*3/(-3). Let x = 0 - g. Suppose 5*q + 3*c - 50 = -0*c, 4*q - 3*c - 13 = x. What is the units digit of q?
7
Let a = -210 - -435. What is the hundreds digit of a?
2
Let u be 1*228/6 - (-2)/1. Let w = 40 - 68. Let c = u + w. What is the units digit of c?
2
Let m = -169 + 112. Suppose 2*i + 8 = i - 3*a, 2*a + 53 = -5*i. What is the units digit of m/i - (-4)/(-22)?
5
Suppose -67 = h - 4*h + 4*l, 4*h = 4*l + 96. Let k = 43 - h. What is the tens digit of k?
1
Let g(a) = 5*a**2 - 11*a + 8. Let o be g(8). What is the tens digit of o/18 + 2/(-6)?
1
Let j = -5 - -7. Suppose 4*n = 2*u + 22, -4*n + j*n = 4*u - 26. What is the units digit of n?
7
Let y(w) = -w**3 - 5*w**2 + 2. Let x(t) = t**2 - 3*t - 3. Let z be x(3). Let a = z - 2. What is the units digit of y(a)?
2
Let u(l) = -l**2 - 12*l - 14. What is the units digit of u(-8)?
8
Suppose -6*r + 4*r = 2. Let u be 1 + (-3)/r - 0. What is the units digit of (-8)/32 - (-13)/u?
3
Suppose 3*h - h = 0. Let u be h + (-1 + 3)*21. Suppose 5*l + 17 = -4*j + u, 0 = -5*j + 4*l + 62. What is the units digit of j?
0
Let k = 0 - -1. Suppose -2*t = -3 - k. Suppose 0 = -a + 3 + t. What is the units digit of a?
5
Let b(x) = x**3 + 5*x**2 + 2*x + 5. Let k be b(-5). Let y = 8 + k. Suppose 2*g + 0 = 4*s - 8, 0 = g - y*s + 7. What is the units digit of g?
2
Suppose -2*y = 4*h - 80, h - 11 = y + 12. Suppose -19 = 5*i + x - 0*x, 0 = 4*i - 5*x + h. Let r = 4 - i. What is the units digit of r?
8
Let r(g) = -2*g - 6 + g + 5. Let a be r(2). What is the units digit of a/(1/1) - -13?
0
Let n(w) = -w**3 - 2*w**2 + 4*w + 3. Let p be n(-3). Suppose p = 7*v - 2*v - 35. What is the units digit of v?
7
Let b(h) = 3*h**2 + 2*h - 1. Let q = 5 + -7. What is the units digit of b(q)?
7
Let i = 137 - 54. What is the tens digit of i?
8
Let s = 65 - -221. What is the units digit of s?
6
Let p = -7 + 11. Let q(t) = -2 - p + 5 + 4*t - 4. What is the units digit of q(4)?
1
Let d(o) = -9*o - 10. What is the tens digit of d(-4)?
2
Let t = 10 + 4. Suppose t = 3*b - 19. What is the tens digit of b?
1
Let j(o) = o**3 + o - 2. Let u be j(2). Suppose -5*r = -u*r + 66. What is the units digit of r?
2
Let w be 24/(-10)*25/(-10). Suppose -4*h + w = -6. What is the units digit of h?
3
Suppose -2*t - 3*h + 359 = 0, 0 = 